(n).
-5
Let m(d) = d**2 - 11*d - 18. Let b be 7 + 4 + -7 + (13 - 10) + 3. Calculate m(b).
-28
Suppose -44 = -3*h - 366*n + 362*n, 2*h = 4*n + 16. Let q(o) = 3*o + 1. Give q(h).
37
Let l(v) = -v**3 + 11*v**2 - 10*v - 3. Let f = -153 - -173. Suppose 11*c - f = 9*c. What is l(c)?
-3
Let z(p) = 8*p**2 + 21*p - 14. Let b be z(-4). Let m(y) be the third derivative of 0 + 0*y + 5/24*y**4 - b*y**2 + 5/6*y**3. Give m(-4).
-15
Let m(w) = -w + 12. Suppose 5*z = 4*x + 9*z + 60, -4*x - 69 = -5*z. Let t = x + 2. Let n be 2*2/t + (-8)/(-28). What is m(n)?
12
Let c(b) = b**3 - 4*b**2 + 12*b - 16. Suppose 4*p + 5*k - 33 = 0, 5*p - 3*k - 16 = -21. Let q be c(p). Let f(y) = -y**3 + y**2 - 9. What is f(q)?
-9
Let q(o) = -6990 + 15*o + 13995 - 5*o**2 + o**3 - 6984 + 13*o**2. Calculate q(-6).
3
Let f be (-1*44)/4*-8. Let g = f + -99. Let z(l) = -l**2 - 14*l - 11. Give z(g).
22
Let d(f) be the second derivative of -1/3*f**4 + 0*f**2 - 1/20*f**5 - 2*f - 27 + 7/6*f**3. Give d(-5).
-10
Let v(f) = 2*f**2 + 23*f - 711. Let s be v(14). Let t(r) be the second derivative of 1/6*r**s - r + 2 - 3*r**2. What is t(6)?
0
Let d(s) = s**3 - s**2 + s. Let c be d(0). Suppose c = -0*u - 9*u + 54. Let t(j) = 4*j - 3*j**2 + 58 + 2*j**2 + u*j**3 - 57 - 5*j. Calculate t(1).
5
Let y(m) be the second derivative of -m**4/12 + 19*m**3/6 + 11*m**2 + 1084*m. Determine y(20).
2
Let q(w) = -230267*w + 460542*w - 230265*w + 62 + 33. Calculate q(-9).
5
Let j(i) = -2*i**2 - 213*i - 2588. Let o be j(-14). Let c(h) = 9*h**2 - 7*h + 19. What is c(o)?
41
Let y(d) be the second derivative of -2 + 9/2*d**2 + 2/3*d**4 + 0*d**3 - 21*d + 1/20*d**5. What is y(-8)?
9
Suppose -35 = -35*w + 175. Let j(x) be the first derivative of x**2 - 19*x + 11. What is j(w)?
-7
Suppose 0 = 4*v + 222 + 90. Suppose -1223 - 6496 = 41*g + 52*g. Let r = g - v. Let s(x) = -x + 1. What is s(r)?
6
Let s(q) = -q**2 + q - 9. Let w(t) = -3*t**2 + 4*t - 26. Let v = -146 + 140. Let f(b) = v*w(b) + 17*s(b). Give f(5).
-7
Suppose 0 = 4*m - 0 + 44. Let z(d) = d**2 + 12*d + 46. Let f be z(m). Let h be (-12)/15 + (-182)/f. Let t(p) = -p**3 - 7*p**2 - 8*p - 1. Calculate t(h).
11
Let d(z) = -z**2 - 10*z + 22. Let n(o) = o**3 - 3*o**2 - 328*o + 1284. Let k be n(4). Calculate d(k).
-2
Suppose h = -5*l + 36, 0*l = -l - 3*h - 4. Let u(k) = -11*k**3 + 22*k**3 - 25*k - 4 - 12*k**3 + 8*k**2 + 2*k**2 + 15*k + 9. Calculate u(l).
53
Let y(s) be the second derivative of -5/3*s**3 - 36*s + s**2 + 0 - 1/12*s**4. Calculate y(-8).
18
Let f(a) be the third derivative of 13*a**4/8 + 143*a**3/2 + 14*a**2 - 8*a + 1. Determine f(-11).
0
Let a(j) = -3*j**2 + 11*j + 3. Let s be a(4). Let z(n) = 5*n**2 + n. Let o be z(s). Suppose 0 = o*y - 5*y - 1. Let f(r) = -14*r - 1. Give f(y).
13
Let d(a) = -a**2 + a - 1. Let v(i) = i**2 - 14*i - 7. Let l(f) = -2*d(f) - v(f). Let h(x) = -5*x**2 - 48*x - 37. Let y(n) = -2*h(n) - 9*l(n). Give y(12).
-7
Suppose -4*d - 35 + 7 = 0. Let r(f) = 66*f + 75*f + f**2 + 0*f**2 + 64*f - 9 - 200*f. Calculate r(d).
5
Let u(n) be the third derivative of 2*n**2 + 1/120*n**6 + 2/15*n**5 + 2/3*n**3 + 49 + 0*n + 1/6*n**4. What is u(-8)?
-28
Let p(n) = 7*n**3 + 6*n**2 - 10*n + 29. Let z(h) = -30*h**3 - 23*h**2 + 43*h - 129. Let v(w) = -13*p(w) - 3*z(w). Let g be (-2)/(-8) + (-74)/8. Give v(g).
1
Let p(f) = -21*f - 7*f - 14 + 93 + 16. What is p(4)?
-17
Suppose -2*i = -5*x - 228, 5*i + 4*x - 166 - 437 = 0. Let t = -109 + i. Let s(c) = c**3 - 9*c**2 - 10*c - 1. Determine s(t).
-1
Let d(n) = -2*n**2 - 7*n + 6. Let c be (84/(-35) - 0)/(42/140). Calculate d(c).
-66
Let m(i) = -6*i**2 - 3*i + 8. Let s be (-12 + 14)*2/(-2). What is m(s)?
-10
Suppose 5*h + 25 = -3*r, -4*r - r = -5*h + 15. Let d = 78 - 76. Let v(o) = 3*o**2 - 54*o**3 - d*o**2 - 2 + 53*o**3. Determine v(h).
10
Let o(d) = -135*d**2 + 7 + 223*d**2 - 4*d - 90*d**2. Give o(-4).
-9
Let i(w) = 4*w**2 - 19*w - 18. Suppose 2*p + 21 = -3*s, 3*p - 2*s - 11 = 2*s. Let d(c) = c**2 - c - 3. Let h(k) = p*d(k) + i(k). Calculate h(16).
-9
Let y(i) = -i**3 - 7*i**2 + 8*i - 3. Suppose 36 = -3*l - 3*d, 30 - 50 = 2*l + d. What is y(l)?
-3
Let r(u) be the first derivative of u**4/4 - 9*u**3 - 27*u**2/2 - 38*u - 9595. Calculate r(28).
-10
Let j(o) = o**3 - 7*o**2 + 7*o + 9. Let q(c) = -1 - c**3 - 2*c**2 + 9*c**2 + 6 + 6*c - 7*c**2 - 2*c**2. Let m be q(0). Give j(m).
-6
Let y(v) be the first derivative of -49*v**4/2 + v**3/3 - v**2 + 2*v - 8874. Calculate y(1).
-97
Let w(k) = k**2 - 92696*k + 3*k**2 - 7 + 92682*k. Determine w(3).
-13
Let v(l) = 22*l**3 - 34*l**2 - 53*l + 84. Let o(g) = -7*g**3 + 11*g**2 + 17*g - 27. Let z(a) = 19*o(a) + 6*v(a). Determine z(5).
16
Suppose 125*l + 48 = 131*l. Let i(f) = -2*f**3 - 2*f + 3*f**3 - 16 + 11*f - l*f**2. Give i(7).
-2
Let m be (-4)/14 - 160/(-70). Let r(g) = -7*g + 5. Let a(p) = 14*p - 9. Let l(b) = 3*a(b) + 5*r(b). Give l(m).
12
Suppose 4*w + o = 5, 2*w - 3*o + 15 = -0*o. Suppose y + w*y = 0. Let t(m) be the first derivative of m**2/2 + 18*m - 124. What is t(y)?
18
Let x be 0 - -5 - (-4 + 2). Let c(k) be the third derivative of -k**6/120 + k**5/10 + 7*k**4/24 - k**3 + 102486*k**2. What is c(x)?
-6
Let w = 2033 - 2038. Let y(a) = 3*a**2 + 3*a - 12. Give y(w).
48
Let r(v) be the second derivative of -4*v**2 + 0 + 1/12*v**4 - 7/6*v**3 + 48*v. Give r(9).
10
Suppose -3*p + 8 = q, -2 = 2*p - 3*q - 0. Suppose -p*w + 50 = 8*w. Let y(k) = 3*k - 5. Give y(w).
10
Let z be 114/(-3 + 7 + -3). Let m = z + -104. Suppose j = 9 - m. Let a(q) = 9*q**3 + q + 1. What is a(j)?
-9
Suppose 0 = 44*o - 43*o + 5*l + 6, -5*o + 22 = -l. Let a(n) be the first derivative of 7*n + o*n**2 - 2 + 1/3*n**3. Determine a(-5).
-8
Let q(f) = -22*f - 5. Let l(t) = -15*t - 4. Let o(i) = 63*i + 17. Let g(u) = -9*l(u) - 2*o(u). Let c(a) = 7*g(a) + 3*q(a). Let n be 2/8 - 58/8. Give c(n).
20
Let h(t) = t**2 - 5*t + 7. Let j(k) = -k**3 + 12*k**2 + k - 8. Let d be j(12). Let v be h(d). Let r(z) = 9 - 2*z**2 + 0*z**v + 2*z - 8 - 2*z**3. Give r(-2).
5
Let g = -16 + 23. Suppose 0 = -g*m - 5 + 33. Let t(s) = 3 - m + 0 + 5 - 4*s. Calculate t(4).
-12
Let r(p) = -20*p - 7 - 6 + 34*p + p**2 - 4 + 16. Calculate r(-14).
-1
Let j(b) = 2*b**3 + 47*b**2 + 134*b + 2546. Let g be j(-23). Let h(x) = -x**2 - 28*x - 144. Give h(g).
3
Let k be 6 + (7 - -8)/(-5). Suppose 1 = k*p - 38. Let j(w) = -w + 11. Determine j(p).
-2
Let z(u) = u**2 - 5*u + 6. Let w be z(-6). Suppose 910 = 11*m - 24*m. Let r = m + w. Let d(k) = 2*k**2 - 3*k + 2. Calculate d(r).
4
Let p(w) = -9*w + 12*w - w**2 - w - 14*w - 5*w + 27. Determine p(-19).
-11
Let b(k) be the first derivative of k**3/3 - 5*k**2/2 + 19. Let j(h) = h + 20. Let d be j(-17). Suppose -d*m + 4 = -11. Determine b(m).
0
Suppose s - 5 = -5*t, -24 = -2*s + 6*s - 2*t. Let z(i) = -i**3 - 6*i**2 + 5*i - 3. Give z(s).
-53
Let j = -2185 + 2179. Let b(h) = h**3 + h**2 - 10*h + 12. Calculate b(j).
-108
Let x(n) = -8*n + 24. Let l = -22209 - -22213. Determine x(l).
-8
Let t(z) = -2*z**3 - 44*z**2 - 2*z - 33. Let s be t(-22). Let f = s - 9. Let o(r) = -3*r**2 - 8*r**2 + 5*r + 8*r**2 - 2*r. Calculate o(f).
-6
Let t = -16 - -19. Let i be (-56)/(-16) - t/(-2). Let o be 13/(-3) + i/15 + 0. Let h(u) = u**3 + 5*u**2 + 3*u - 2. Give h(o).
2
Suppose 3*g = -3*a - 0*a + 21, -a + g - 3 = 0. Suppose -1 + 15 = -a*s. Let m(w) = -w**2 - 10*w - 13. What is m(s)?
8
Let a be 44/10 + 2 + 48/(-20). Suppose a*b = -b. Let v(w) = -w - 1 - 1 - 5. Calculate v(b).
-7
Let f(j) = 2. Suppose 3*l = 7*v - 2*v + 10, 2*v - 3*l + 13 = 0. Let r(d) = -2*d + 7. Let k(b) = v*r(b) - 4*f(b). Calculate k(-2).
3
Suppose 0 = 2*w + 5*w + i - 462, -2*w = -3*i - 155. Suppose 5*p + j = -3*j + 337, -355 = -5*p + 5*j. Let l = w - p. Let h(k) = k**3 - 3*k - 1. Determine h(l).
-3
Let m(s) = -s**3 + 0*s**3 - 4*s**2 + 4*s**2 + 3*s - 6 - 5*s**2. Suppose -7*t - 49 = -14*t. Suppose -4*v - t*v - 66 = 0. What is m(v)?
12
Let f(r) = -5*r**2 - 4*r. Suppose d - 11 = 389*z - 392*z, 4*z - 3*d - 6 = 0. Give f(z).
-57
Let y(k) = 12*k - 33*k + 15 + 11*k + 11*k. Determine y(13).
28
Let h(j) = j**2 - 7*j + 3. Suppose 64 = -d + 124. Let k be 9*(3/(-4) - (-185)/d). Suppose -k = -3*n - 0*n. Determine h(n).
3
Let q(r) = 47359*r + r**2 - 47387*r - 5*r**2. What is q(-8)?
-32
Suppose -4*g + 147 = 3*o + 18, 4*o = 2*g - 92. Let j(z) = -z**3 + 35*z**2 + 35*z + 37. What is j(g)?
1
